**2 - o + 6. Let j be v(-2). Let u(n) = 7*n**3 - n**2. Calculate u(j).
-8
Let w(g) = -3*g**3 + 3*g**3 - g**3 - g + 1 - 4*g**2. Let q(v) = v**2 + 1. Let s(b) = -7*b**2 - 12*b - 21. Let z(h) = 6*q(h) + s(h). Let a be z(-11). Give w(a).
5
Let k(d) = 2*d**2 + 4*d + 4*d**2 + 0 - 2 - 11*d + 3*d**3. Let c(f) = -4*f**3 - 7*f**2 + 8*f + 3. Let u(g) = 2*c(g) + 3*k(g). Let t = -29 - -24. What is u(t)?
0
Let l(w) = -w**2 - w - 1. Let c(v) = -v**3 + 4*v**2 + 4*v + 1. Let s(t) = c(t) + 5*l(t). Give s(0).
-4
Let w(r) be the first derivative of r**2 + 3*r + 109. Suppose -4*h - 2*t = -3*t - 10, -3*t = -2*h. Determine w(h).
9
Let i be -3*(-4)/(-186) - 15857/(-3131). Let t(c) be the first derivative of -c**2/2 - 4*c + 1. Give t(i).
-9
Suppose 0*l - l = -4*m - 11, -3*m - 9 = -l. Let n be (-9)/(-6)*(-5 - -1 - m). Let c(h) = 5*h + 4. Give c(n).
-11
Let g(k) = 3*k**3 + 7*k**2 + 9*k - 16. Let r(o) = 4*o**3 + 7*o**2 + 9*o - 17. Let j(d) = -5*g(d) + 4*r(d). Let h = 116 + -108. What is j(h)?
4
Let v(m) = -9*m**2 - 5*m - 8*m**3 - 4*m**2 + 194 - 8*m - 187 + 7*m**3. Determine v(-12).
19
Let p(r) = r**3 - 5*r**2 + 5*r + 2. Let m(y) = -y**3 + 14*y**2 - 33*y + 4. Let t be m(11). Determine p(t).
6
Suppose 0 = 4*x + 3*d + 1 - 8, 2*x + d - 5 = 0. Let w(q) be the third derivative of q**4/24 - q**3/2 + q**2. Determine w(x).
1
Let y(h) be the third derivative of -h**4/24 - 7*h**3/6 - 2703*h**2. Let g(q) = -q**2 + 4*q - 1. Let v be g(5). Give y(v).
-1
Let i(m) = 3*m. Suppose -3*f + 0*r = -3*r - 6, -4*f - 3*r + 1 = 0. Determine i(f).
3
Let i(j) be the third derivative of -j**5/60 - j**4/6 - 5*j**3/6 + 34*j**2. Calculate i(-5).
-10
Suppose 916*h + 88 = 894*h. Let t(j) = 2*j**2 - j - 1. What is t(h)?
35
Suppose 17 = 5*d + 4*g - 29, -5*g = 5*d - 50. Let t = d + -3. Let m(r) = 0*r**2 - 2*r**2 + t*r**2 + 3*r + 4 - 7*r. Calculate m(3).
1
Let m = -22 - -29. Let w = -13 + 20. Let h(b) = w*b - 8*b**2 + 2 + 3 + 0 + b**3. Determine h(m).
5
Let y be (8/(-10))/(16/(-200)). Let x(g) = -14 - g - y*g + 12*g. Calculate x(9).
-5
Let c(b) = 53*b + 154. Let h be c(-3). Let z(m) = m**2 + m - 1. Give z(h).
19
Let d(f) = -f**3 + 14*f**2 - 5*f - 3. Let b(q) = q**2 - q - 1. Let i(l) = 5*b(l) - d(l). Calculate i(9).
-2
Let c(l) be the second derivative of l**5/20 - l**4/2 + 2*l**3/3 + 21*l + 2. What is c(4)?
-16
Let o(x) = -x**3 + x**2 + x - 1. Suppose -7*t - 102 = -123. Give o(t).
-16
Let o(x) be the second derivative of x**4/12 + x**3/6 + 2*x**2 + x. Let f be 0/(-21)*2/6. Suppose f = -6*s + 8*s. Determine o(s).
4
Let x(d) = 13*d - 284. Let a be x(22). Let y be ((-1)/3)/((-1)/9). Let u(j) = y + j - 4*j + 3*j**2 - j. What is u(a)?
7
Let d be ((-83)/(-249))/(3 - (-17)/(-6)). Let m(w) = 5*w - 7. What is m(d)?
3
Let v(q) = -q**2 - 8*q - 6. Let c(n) = -n**3 - 4*n**2 - n - 9. Let u be c(-4). Determine v(u).
9
Let s be 9 + (-1)/2*0. Let n be 3/(-2) + s/2. Suppose -n*c - 3*a = -15, 4*c - c + 4*a = 19. Let p(b) = 3*b**3 + 2*b**2 - 1. Calculate p(c).
4
Let k = 0 - -3. Let t(b) = 3*b + 4. Let i(w) = -13*w - 17. Let g(a) = -2*i(a) - 9*t(a). Determine g(k).
-5
Let p(j) = -j + 8. Suppose 48 = 4*g - 5*h, g - 3*g = -4*h - 24. Let w be p(g). Let r(c) = c**2 + 6*c - 5. Calculate r(w).
-13
Let f(d) be the first derivative of -7*d**2/2 + d + 469. What is f(2)?
-13
Let t(r) = r - 4. Let x(s) = 8*s - 20. Let y(c) = -5*t(c) + x(c). Determine y(-2).
-6
Let p(f) = -6 + 5*f**2 - 4*f**2 + 861*f - 872*f. Let d(m) = -m. Let l(o) = 6*d(o) - p(o). What is l(7)?
-8
Let d be ((-15)/(-2))/(((-108)/128)/9). Let y = d + 89. Let k(a) = a**2 - 11*a + 9. What is k(y)?
-9
Suppose -26*l + 24*l = -12. Let m(y) = y**3 - 6*y**2 - y - 3. Calculate m(l).
-9
Let w(r) be the first derivative of -r**4/4 + 2*r**3 + r**2 + r + 33. Give w(7).
-34
Suppose -2*p = 6 - 2. Let a be (-1)/(1*p/30). Let x be a*4/(-12)*1. Let j(h) = -2*h - 7. Determine j(x).
3
Let j = 229 + -229. Let o(x) be the second derivative of x**6/720 + x**5/24 + x**4/6 - x. Let k(i) be the third derivative of o(i). Calculate k(j).
5
Let v(f) = -111*f**2 - f - 115*f**2 + 223*f**2. Determine v(1).
-4
Let l(x) = -4*x - 18247 + 18247 - 2*x. Calculate l(-1).
6
Let j(f) = -f**2 + 11*f + 26. Let m be j(13). Let z(d) = 3*d**2 - 5*d + 5 - 2 - 2*d**2 + m. What is z(3)?
-3
Let r(c) = -c**2 - 6*c - 5. Suppose 4*p + 4 = -12. Let g be (4 - 8)*(-30)/p. Let o = -34 - g. Give r(o).
3
Let x(a) be the third derivative of a**5/60 - a**4/6 + a**3/2 - 2*a**2 + 29. What is x(3)?
0
Let h(l) = -5*l**2 - 15*l - 15. Let s(v) be the third derivative of v**5/30 + 5*v**4/24 + 5*v**3/6 + v**2. Let a(i) = -3*h(i) - 8*s(i). Give a(6).
-1
Let l(j) be the third derivative of j**5/60 - j**4/4 - 5*j**3/3 + 3*j**2 + 24. What is l(9)?
17
Let v(g) be the second derivative of -g**5/20 + g**4/3 + 4*g**3/3 - 5*g**2/2 - 4*g - 12. Determine v(5).
10
Let o(t) = 16*t**2 - 2*t - 1. Let k(x) = -60*x**2 + 9*x + 5. Let h(c) = 2*k(c) + 9*o(c). Determine h(-1).
25
Let w(g) be the second derivative of -g**5/20 + 7*g**4/12 + 7*g**3/6 + 11*g**2/2 + 78*g - 2. Determine w(8).
3
Let d(q) = 1. Let m(u) = -2*u + 8. Let b(g) = -2*d(g) + m(g). Let v = 2208 + -2202. Calculate b(v).
-6
Let s(h) be the second derivative of -h**5/20 - 5*h**4/6 - 3*h**3/2 + 2*h**2 - h. Let f be s(-9). Let g(j) = 5*j + 1 - 1 - j + j**2 - f. What is g(-4)?
-4
Let q = 703/8 - 527/6. Let g(k) be the third derivative of 1/120*k**6 - 1/2*k**3 + 1/60*k**5 + 0*k + 0 - 12*k**2 - q*k**4. Give g(0).
-3
Let g(q) = 4*q**2 + 19 + 5*q**2 - 10*q**2 - q**3 + 8*q**2 - 3*q + 2*q**2. Determine g(9).
-8
Let w(o) = o - 3. Let f(v) = 2*v - 6. Let i(j) = 6*f(j) - 10*w(j). Suppose 0 = 3*l - 4 - 14. Give i(l).
6
Suppose -3*l - 48 = -9*l. Let i(s) = 2*s + 8. Let o(u) = u + 5. Let r(b) = -b - 1. Let h be r(4). Let t(d) = h*i(d) + l*o(d). Calculate t(-1).
2
Let r(n) = -n**3 + 15*n**2 + 3. Let y be r(15). Let v(z) be the second derivative of 1/2*z**2 + 0 - 1/3*z**y + 8*z - 1/12*z**4. What is v(-3)?
-2
Let w(y) = -3*y**2 + y - 10. Let d(f) = -f**2 + f - 2. Let q(t) = 4*d(t) - w(t). What is q(5)?
-8
Let a(p) = 2*p - 6. Let y(z) = -2*z + 9. Let m(w) = -4*a(w) - 3*y(w). What is m(2)?
-7
Suppose -3*n - 4*r + 3 = 0, -r = 4*r. Let u(q) = -3*q**2 - q + 1. Give u(n).
-3
Let k = 17 + -16. Let y be (1 - 27/15) + k/(-5). Let p(g) = -8*g + 3. Let i(v) = v - 1. Let x(c) = 2*i(c) + p(c). What is x(y)?
7
Let c(s) = -290*s + 2*s**3 + 294*s - s**2 - 2 - 4*s**2 - s**3. Calculate c(2).
-6
Let x(r) = -23*r**2 + 2*r + 1. Let p(y) = 2*y**2 + y - 7. Let k be p(-2). What is x(k)?
-24
Let l(f) = f**3 - f - 1. Let y(v) = -v**2 - 37*v + 119. Let m be y(-40). What is l(m)?
-1
Let i(s) = 762*s - 365*s - 381*s + 11. Determine i(-4).
-53
Let c(o) = -3*o - 16. Let z = -657 - -650. Calculate c(z).
5
Suppose -3*v - 24 = -g, 2*v = 4*g - 3 - 3. Let i = v - -2. Let l(p) = -2*p - 9. Calculate l(i).
5
Let n(k) = 0 - 10*k**2 + 8*k**2 + 2*k**3 - 2*k + 4 + 12*k**3. Let q(c) = -29*c**3 + 3*c**2 + 3*c - 7. Let u(z) = 5*n(z) + 3*q(z). Calculate u(-1).
16
Let n(h) = -6*h + 5*h**2 + 8 - 2 - 15 - 3*h**2 + 7. What is n(4)?
6
Let z(s) = -5*s - 13. Let m(w) = w**3 + 38*w**2 + 38*w + 29. Let v be m(-37). Determine z(v).
27
Suppose -4*i - 8 = -0, 0 = 2*b - 4*i - 26. Let a(z) = z**3 - 9*z**2 + 8. Determine a(b).
8
Let a be (1 - 10/8)/(32/(-128)). Let c(r) = -13 + 5*r - a - 4*r. Determine c(7).
-7
Suppose -4*m + 50 = -w, -m + 6 = -17*w + 20*w. Let p(s) = s**3 - 12*s**2 + s - 9. Determine p(m).
3
Let m(n) be the second derivative of -2*n**3/3 - n**2 + 2*n - 4236. Let v be 10*1*2/(-4). Give m(v).
18
Let f(r) = r**3 + 4*r**2 + r + 2. Suppose 4*l + 89 = -7. Let v be 22/3*l/(-16). Suppose 0 = -v*s + 13*s + 8. Calculate f(s).
-2
Let u(r) = 5*r + r - 7*r + 2*r + 3. Give u(0).
3
Let t(x) = -x**2 + 6*x - 5. Suppose -14*r + 72 - 2 = 0. Calculate t(r).
0
Let y(l) = l**3 - 11*l**2 + 3*l - 16. Let z(n) = -n**2 - 29*n - 127. Let m be z(-23). Calculate y(m).
17
Let s(n) be the third derivative of n**7/2520 + n**6/120 - n**5/24 - n**4/8 - 3*n**2. Let w(t) be the second derivative of s(t). Determine w(-7).
2
Let t(x) = -3*x**2 + x + 3. Suppose 5 = -2*g + 13, -5*g = -5*s - 10. Determine t(s).
-7
Let l(y) = -13*y**3 - y**2 + 5*y - 4. Let s(f) = f**3 - f + 1. Let j be (2 + -2 + 2)*2. Let x be ((-2)/(-2))/((-4)/j). Let h(q) = x*l(q) - 4*s(q). Give h(1).
9
Let o(d) = d - 1. Let